{"id":209,"date":"2021-06-15T10:32:54","date_gmt":"2021-06-15T08:32:54","guid":{"rendered":"http:\/\/wp.euroliaortho.com\/?page_id=209"},"modified":"2022-05-20T15:24:06","modified_gmt":"2022-05-20T13:24:06","slug":"infos-et-evenements","status":"publish","type":"page","link":"https:\/\/wp.euroliaortho.com\/index.php\/infos-et-evenements\/","title":{"rendered":"Infos et \u00e9v\u00e8nements"},"content":{"rendered":"\n<div class=\"wp-block-columns is-layout-flex wp-container-core-columns-is-layout-9d6595d7 wp-block-columns-is-layout-flex\">\n<div class=\"wp-block-column is-layout-flow wp-block-column-is-layout-flow\">\n<h2 class=\"wp-block-heading\">Congr\u00e8s de l&rsquo;AFOS \u00e0 Hy\u00e8res<\/h2>\n\n\n\n<figure class=\"wp-block-image size-large is-resized\"><img loading=\"lazy\" decoding=\"async\" src=\"http:\/\/wp.euroliaortho.com\/wp-content\/uploads\/2022\/05\/Congres_AFOS_hyeres.jpg\" alt=\"\" class=\"wp-image-722\" width=\"398\" height=\"265\" srcset=\"https:\/\/wp.euroliaortho.com\/wp-content\/uploads\/2022\/05\/Congres_AFOS_hyeres.jpg 612w, https:\/\/wp.euroliaortho.com\/wp-content\/uploads\/2022\/05\/Congres_AFOS_hyeres-300x200.jpg 300w\" sizes=\"auto, (max-width: 398px) 100vw, 398px\" \/><\/figure>\n\n\n\n<p>Le congr\u00e8s 2022 de l&rsquo;AFOS aura lieu \u00e0 Hy\u00e8res les 10, 11 et 12 juin prochains, en partenariat avec EUROLIA Orthodontics, avec pour th\u00e8me \u00ab\u00a0Le mouvement\u00a0\u00bb. La fonction de la mastication sera au centre des communications. Les th\u00e8mes innovants et tourn\u00e9s vers la pluridisciplinarit\u00e9 sauront vous convaincre de l&rsquo;importance de cette fonction vitale aux traitements.Le cadre du s\u00e9minaire, face \u00e0 la m\u00e9diterran\u00e9e, et ponctu\u00e9 d&rsquo;activit\u00e9s, vous permettra de profiter pleinement de cet \u00e9v\u00e8nement. Nous y pr\u00e9senterons en exclusivit\u00e9 l&rsquo;Eurotube Syst\u00e9mique\u2122, con\u00e7u par EUROLIA Orthodontics en partenariat avec le Docteur Romain de Pap\u00e9. Qu&rsquo;est-ce que l&rsquo;orthodontie syst\u00e9mique?L\u2019orthodontie syst\u00e9mique se diff\u00e9rencie de l\u2019orthodontie \u00ab conventionnelle \u00bb car son objectif premier est la r\u00e9habilitation de la mastication, fonction principale du syst\u00e8me masticateur.En d\u2019autres termes, l\u2019alignement des dents et la r\u00e9organisation des arcades ne sont pas une fin en soi, mais un moyen d\u2019installer une mastication efficace. \u00ab L\u2019orthodontie syst\u00e9mique utilise les appareils multi-attaches auxquels sont adjoints des auxiliaires sp\u00e9cifiques permettant d\u2019obtenir des rapports d\u2019arcades qui engendrent une cin\u00e9matique mandibulaire id\u00e9ale, reflet d\u2019une r\u00e9partition harmonieuse des contraintes occlusales. \u00bb Dr. Jean-Louis Raymond, pr\u00e9sident de l\u2019AFOS (Association Fran\u00e7aise d\u2019Orthognathodontie Syst\u00e9mique).<\/p>\n\n\n\n<figure class=\"wp-block-image size-large is-resized\"><img loading=\"lazy\" decoding=\"async\" src=\"http:\/\/wp.euroliaortho.com\/wp-content\/uploads\/2022\/05\/Congres_AFOS_presentation_tube.jpg\" alt=\"\" class=\"wp-image-728\" width=\"387\" height=\"502\" srcset=\"https:\/\/wp.euroliaortho.com\/wp-content\/uploads\/2022\/05\/Congres_AFOS_presentation_tube.jpg 692w, https:\/\/wp.euroliaortho.com\/wp-content\/uploads\/2022\/05\/Congres_AFOS_presentation_tube-231x300.jpg 231w\" sizes=\"auto, (max-width: 387px) 100vw, 387px\" \/><\/figure>\n\n\n\n<hr class=\"wp-block-separator\"\/>\n\n\n\n<h2 class=\"wp-block-heading\">Nouveau site Internet<\/h2>\n\n\n\n<p>D\u00e9couvrez notre nouveau site Internet, qui vous permet d\u00e9sormais notamment de commander en ligne, de demander la derni\u00e8re version du catalogue !<\/p>\n\n\n\n<div class=\"wp-block-image\"><figure class=\"aligncenter size-large is-resized\"><img loading=\"lazy\" decoding=\"async\" src=\"http:\/\/wp.euroliaortho.com\/wp-content\/uploads\/2021\/08\/efficacite.jpg\" alt=\"\" class=\"wp-image-615\" width=\"320\" height=\"213\" srcset=\"https:\/\/wp.euroliaortho.com\/wp-content\/uploads\/2021\/08\/efficacite.jpg 612w, https:\/\/wp.euroliaortho.com\/wp-content\/uploads\/2021\/08\/efficacite-300x200.jpg 300w\" sizes=\"auto, (max-width: 320px) 100vw, 320px\" \/><\/figure><\/div>\n\n\n\n<hr class=\"wp-block-separator\"\/>\n\n\n\n<h2 class=\"wp-block-heading\">D\u00e9couvrez le nouveau bracket Eureka D\u2122<\/h2>\n\n\n\n<p>Le nouveau bracket Eureka D\u2122 est disponible ! D\u00e9couvrez cette nouveaut\u00e9 en 3 dimensions !<\/p>\n\n\n\n<figure class=\"wp-block-embed is-type-video is-provider-youtube wp-block-embed-youtube wp-embed-aspect-16-9 wp-has-aspect-ratio\"><div class=\"wp-block-embed__wrapper\">\n<iframe loading=\"lazy\" title=\"Eureka D\u2122\" width=\"640\" height=\"360\" src=\"https:\/\/www.youtube.com\/embed\/ROAD32mMz7o?feature=oembed\" frameborder=\"0\" allow=\"accelerometer; autoplay; clipboard-write; encrypted-media; gyroscope; picture-in-picture; web-share\" referrerpolicy=\"strict-origin-when-cross-origin\" allowfullscreen><\/iframe>\n<\/div><\/figure>\n<\/div>\n\n\n\n<div class=\"wp-block-column is-layout-flow wp-block-column-is-layout-flow\">\n<figure class=\"wp-block-image size-large is-resized\"><img loading=\"lazy\" decoding=\"async\" src=\"http:\/\/wp.euroliaortho.com\/wp-content\/uploads\/2021\/08\/hautparleur.jpg\" alt=\"\" class=\"wp-image-517\" width=\"306\" height=\"206\" srcset=\"https:\/\/wp.euroliaortho.com\/wp-content\/uploads\/2021\/08\/hautparleur.jpg 612w, https:\/\/wp.euroliaortho.com\/wp-content\/uploads\/2021\/08\/hautparleur-300x201.jpg 300w\" sizes=\"auto, (max-width: 306px) 100vw, 306px\" \/><\/figure>\n<\/div>\n<\/div>\n","protected":false},"excerpt":{"rendered":"<p>Congr\u00e8s de l&rsquo;AFOS \u00e0 Hy\u00e8res Le congr\u00e8s 2022 de l&rsquo;AFOS aura lieu \u00e0 Hy\u00e8res les 10, 11 et 12 juin prochains, en partenariat avec EUROLIA Orthodontics, avec pour th\u00e8me \u00ab\u00a0Le mouvement\u00a0\u00bb. La fonction de la mastication sera au centre des communications. Les th\u00e8mes innovants et tourn\u00e9s vers la pluridisciplinarit\u00e9 sauront vous convaincre de l&rsquo;importance de [&hellip;]<\/p>\n","protected":false},"author":1,"featured_media":0,"parent":0,"menu_order":0,"comment_status":"closed","ping_status":"closed","template":"","meta":{"_uf_show_specific_survey":0,"_uf_disable_surveys":false,"footnotes":""},"class_list":["post-209","page","type-page","status-publish","hentry"],"aioseo_notices":[],"_links":{"self":[{"href":"https:\/\/wp.euroliaortho.com\/index.php\/wp-json\/wp\/v2\/pages\/209","targetHints":{"allow":["GET"]}}],"collection":[{"href":"https:\/\/wp.euroliaortho.com\/index.php\/wp-json\/wp\/v2\/pages"}],"about":[{"href":"https:\/\/wp.euroliaortho.com\/index.php\/wp-json\/wp\/v2\/types\/page"}],"author":[{"embeddable":true,"href":"https:\/\/wp.euroliaortho.com\/index.php\/wp-json\/wp\/v2\/users\/1"}],"replies":[{"embeddable":true,"href":"https:\/\/wp.euroliaortho.com\/index.php\/wp-json\/wp\/v2\/comments?post=209"}],"version-history":[{"count":11,"href":"https:\/\/wp.euroliaortho.com\/index.php\/wp-json\/wp\/v2\/pages\/209\/revisions"}],"predecessor-version":[{"id":729,"href":"https:\/\/wp.euroliaortho.com\/index.php\/wp-json\/wp\/v2\/pages\/209\/revisions\/729"}],"wp:attachment":[{"href":"https:\/\/wp.euroliaortho.com\/index.php\/wp-json\/wp\/v2\/media?parent=209"}],"curies":[{"name":"wp","href":"https:\/\/api.w.org\/{rel}","templated":true}]}}