{"id":206,"date":"2021-06-15T10:32:54","date_gmt":"2021-06-15T08:32:54","guid":{"rendered":"http:\/\/wp.euroliaortho.com\/?page_id=206"},"modified":"2023-04-11T16:48:42","modified_gmt":"2023-04-11T14:48:42","slug":"carrieres","status":"publish","type":"page","link":"https:\/\/wp.euroliaortho.com\/index.php\/carrieres\/","title":{"rendered":"Carri\u00e8res"},"content":{"rendered":"\n<div class=\"wp-block-columns is-layout-flex wp-container-core-columns-is-layout-9d6595d7 wp-block-columns-is-layout-flex\">\n<div class=\"wp-block-column is-layout-flow wp-block-column-is-layout-flow\">\n<h2 class=\"wp-block-heading\">Responsabilit\u00e9 et valeurs de l&rsquo;entreprise<\/h2>\n\n\n\n<p>D\u00e9couvrez nos<a href=\"http:\/\/wp.euroliaortho.com\/index.php\/responsabilite-et-valeurs-de-lentreprise\/\" data-type=\"page\" data-id=\"211\"> valeurs, nos principes, comment nous favorisons la diversit\u00e9 et l&rsquo;inclusion, ainsi que notre responsabilit\u00e9 environnementale<\/a>.<\/p>\n<\/div>\n\n\n\n<div class=\"wp-block-column is-layout-flow wp-block-column-is-layout-flow\">\n<figure class=\"wp-block-image size-large is-resized\"><a href=\"http:\/\/wp.euroliaortho.com\/index.php\/responsabilite-et-valeurs-de-lentreprise\/\"><img loading=\"lazy\" decoding=\"async\" src=\"http:\/\/wp.euroliaortho.com\/wp-content\/uploads\/2021\/08\/values.jpg\" alt=\"\" class=\"wp-image-567\" width=\"392\" height=\"261\" srcset=\"https:\/\/wp.euroliaortho.com\/wp-content\/uploads\/2021\/08\/values.jpg 612w, https:\/\/wp.euroliaortho.com\/wp-content\/uploads\/2021\/08\/values-300x200.jpg 300w\" sizes=\"auto, (max-width: 392px) 100vw, 392px\" \/><\/a><\/figure>\n<\/div>\n<\/div>\n\n\n\n<div class=\"wp-block-columns is-layout-flex wp-container-core-columns-is-layout-9d6595d7 wp-block-columns-is-layout-flex\">\n<div class=\"wp-block-column is-layout-flow wp-block-column-is-layout-flow\">\n<figure class=\"wp-block-image size-large is-resized\"><a href=\"http:\/\/wp.euroliaortho.com\/index.php\/pourquoi-nous-rejoindre\/\"><img loading=\"lazy\" decoding=\"async\" src=\"http:\/\/wp.euroliaortho.com\/wp-content\/uploads\/2021\/08\/soutien.jpg\" alt=\"\" class=\"wp-image-607\" width=\"398\" height=\"240\" srcset=\"https:\/\/wp.euroliaortho.com\/wp-content\/uploads\/2021\/08\/soutien.jpg 612w, https:\/\/wp.euroliaortho.com\/wp-content\/uploads\/2021\/08\/soutien-300x182.jpg 300w\" sizes=\"auto, (max-width: 398px) 100vw, 398px\" \/><\/a><\/figure>\n<\/div>\n\n\n\n<div class=\"wp-block-column is-layout-flow wp-block-column-is-layout-flow\">\n<h2 class=\"wp-block-heading\">Pourquoi nous rejoindre<\/h2>\n\n\n\n<p>Chez Eurolia Orthodontics, nos collaborateurs sont soutenus, que \u00e7a soit dans leurs <a href=\"http:\/\/wp.euroliaortho.com\/index.php\/pourquoi-nous-rejoindre\/\" data-type=\"page\" data-id=\"213\">activit\u00e9s professionnelles mais aussi personnelles<\/a>. Nous accordons une place importante \u00e0 l&rsquo;<a href=\"http:\/\/wp.euroliaortho.com\/index.php\/pourquoi-nous-rejoindre\/\">\u00e9quilibre vie professionnelle, vie priv\u00e9e<\/a>. Les maitres mots sont <a href=\"http:\/\/wp.euroliaortho.com\/index.php\/pourquoi-nous-rejoindre\/\">expertise, esprit d&rsquo;\u00e9quipe, \u00e9volution, formation, tout cela dans un environnement moderne et efficace<\/a>.<\/p>\n<\/div>\n<\/div>\n\n\n\n<div class=\"wp-block-columns is-layout-flex wp-container-core-columns-is-layout-9d6595d7 wp-block-columns-is-layout-flex\">\n<div class=\"wp-block-column is-layout-flow wp-block-column-is-layout-flow\">\n<h2 class=\"wp-block-heading\">Travailler chez Eurolia Orthodontics<\/h2>\n\n\n\n<p>D\u00e9couvrez les <a href=\"http:\/\/wp.euroliaortho.com\/index.php\/travailler-chez-eurolia-orthodontics\/\" data-type=\"page\" data-id=\"212\">postes ouverts chez EUROLIA Orthodontics<\/a> ou proposez votre <a href=\"http:\/\/wp.euroliaortho.com\/index.php\/travailler-chez-eurolia-orthodontics\/\" data-type=\"page\" data-id=\"212\">candidature spontan\u00e9e<\/a> !<\/p>\n<\/div>\n\n\n\n<div class=\"wp-block-column is-layout-flow wp-block-column-is-layout-flow\">\n<figure class=\"wp-block-image size-large is-resized\"><a href=\"http:\/\/wp.euroliaortho.com\/index.php\/travailler-chez-eurolia-orthodontics\/\"><img loading=\"lazy\" decoding=\"async\" src=\"http:\/\/wp.euroliaortho.com\/wp-content\/uploads\/2021\/09\/postuler.jpg\" alt=\"\" class=\"wp-image-655\" width=\"395\" height=\"263\" srcset=\"https:\/\/wp.euroliaortho.com\/wp-content\/uploads\/2021\/09\/postuler.jpg 612w, https:\/\/wp.euroliaortho.com\/wp-content\/uploads\/2021\/09\/postuler-300x200.jpg 300w\" sizes=\"auto, (max-width: 395px) 100vw, 395px\" \/><\/a><\/figure>\n<\/div>\n<\/div>\n\n\n\n<p><\/p>\n","protected":false},"excerpt":{"rendered":"<p>Responsabilit\u00e9 et valeurs de l&rsquo;entreprise D\u00e9couvrez nos valeurs, nos principes, comment nous favorisons la diversit\u00e9 et l&rsquo;inclusion, ainsi que notre responsabilit\u00e9 environnementale. Pourquoi nous rejoindre Chez Eurolia Orthodontics, nos collaborateurs sont soutenus, que \u00e7a soit dans leurs activit\u00e9s professionnelles mais aussi personnelles. Nous accordons une place importante \u00e0 l&rsquo;\u00e9quilibre vie professionnelle, vie priv\u00e9e. Les maitres [&hellip;]<\/p>\n","protected":false},"author":1,"featured_media":0,"parent":0,"menu_order":0,"comment_status":"closed","ping_status":"closed","template":"","meta":{"_uf_show_specific_survey":0,"_uf_disable_surveys":false,"footnotes":""},"class_list":["post-206","page","type-page","status-publish","hentry"],"aioseo_notices":[],"_links":{"self":[{"href":"https:\/\/wp.euroliaortho.com\/index.php\/wp-json\/wp\/v2\/pages\/206","targetHints":{"allow":["GET"]}}],"collection":[{"href":"https:\/\/wp.euroliaortho.com\/index.php\/wp-json\/wp\/v2\/pages"}],"about":[{"href":"https:\/\/wp.euroliaortho.com\/index.php\/wp-json\/wp\/v2\/types\/page"}],"author":[{"embeddable":true,"href":"https:\/\/wp.euroliaortho.com\/index.php\/wp-json\/wp\/v2\/users\/1"}],"replies":[{"embeddable":true,"href":"https:\/\/wp.euroliaortho.com\/index.php\/wp-json\/wp\/v2\/comments?post=206"}],"version-history":[{"count":11,"href":"https:\/\/wp.euroliaortho.com\/index.php\/wp-json\/wp\/v2\/pages\/206\/revisions"}],"predecessor-version":[{"id":746,"href":"https:\/\/wp.euroliaortho.com\/index.php\/wp-json\/wp\/v2\/pages\/206\/revisions\/746"}],"wp:attachment":[{"href":"https:\/\/wp.euroliaortho.com\/index.php\/wp-json\/wp\/v2\/media?parent=206"}],"curies":[{"name":"wp","href":"https:\/\/api.w.org\/{rel}","templated":true}]}}