{"id":160,"date":"2021-06-15T10:32:53","date_gmt":"2021-06-15T08:32:53","guid":{"rendered":"http:\/\/wp.euroliaortho.com\/?page_id=160"},"modified":"2021-08-05T17:00:51","modified_gmt":"2021-08-05T15:00:51","slug":"instruments-europliance","status":"publish","type":"page","link":"https:\/\/wp.euroliaortho.com\/index.php\/instruments-europliance\/","title":{"rendered":"Instruments Europliance\u2122"},"content":{"rendered":"\n<figure class=\"wp-block-image size-large\"><img loading=\"lazy\" decoding=\"async\" width=\"500\" height=\"251\" src=\"http:\/\/wp.euroliaortho.com\/wp-content\/uploads\/2021\/08\/Illustration_instruments.jpg\" alt=\"\" class=\"wp-image-506\" srcset=\"https:\/\/wp.euroliaortho.com\/wp-content\/uploads\/2021\/08\/Illustration_instruments.jpg 500w, https:\/\/wp.euroliaortho.com\/wp-content\/uploads\/2021\/08\/Illustration_instruments-300x151.jpg 300w\" sizes=\"auto, (max-width: 500px) 100vw, 500px\" \/><\/figure>\n\n\n\n<p>Marque fran\u00e7aise d\u2019instruments d\u2019orthodontie, Eurolia Orthodontics\u00ae, con\u00e7oit des instruments de pointe et de haute pr\u00e9cision.<\/p>\n\n\n\n<p>Les instruments Europliance\u2122, fabriqu\u00e9s \u00e0 la main avec le plus grand soin, sont le prolongement de votre bras, permettant la r\u00e9alisation d\u2019actions de pr\u00e9cision et garantissant la performance clinique de vos traitements.<br>Notre rigueur et notre savoir-faire, nous permettent de vous proposer une gamme d\u2019instruments d\u2019orthodontie de pointe.<\/p>\n\n\n\n<p>La qualit\u00e9 apport\u00e9e, de la conception \u00e0 la fabrication, vous assure un outil professionnel de grande pr\u00e9cision.<\/p>\n\n\n\n<div class=\"wp-block-image\"><figure class=\"aligncenter size-large is-resized\"><img loading=\"lazy\" decoding=\"async\" src=\"http:\/\/wp.euroliaortho.com\/wp-content\/uploads\/2021\/06\/INS-HH-001_zoom1-1024x639.png\" alt=\"\" class=\"wp-image-348\" width=\"331\" height=\"206\"\/><\/figure><\/div>\n\n\n","protected":false},"excerpt":{"rendered":"<p>Marque fran\u00e7aise d\u2019instruments d\u2019orthodontie, Eurolia Orthodontics\u00ae, con\u00e7oit des instruments de pointe et de haute pr\u00e9cision. Les instruments Europliance\u2122, fabriqu\u00e9s \u00e0 la main avec le plus grand soin, sont le prolongement de votre bras, permettant la r\u00e9alisation d\u2019actions de pr\u00e9cision et garantissant la performance clinique de vos traitements.Notre rigueur et notre savoir-faire, nous permettent de vous [&hellip;]<\/p>\n","protected":false},"author":1,"featured_media":0,"parent":0,"menu_order":0,"comment_status":"closed","ping_status":"closed","template":"","meta":{"_uf_show_specific_survey":0,"_uf_disable_surveys":false,"footnotes":""},"class_list":["post-160","page","type-page","status-publish","hentry"],"aioseo_notices":[],"_links":{"self":[{"href":"https:\/\/wp.euroliaortho.com\/index.php\/wp-json\/wp\/v2\/pages\/160","targetHints":{"allow":["GET"]}}],"collection":[{"href":"https:\/\/wp.euroliaortho.com\/index.php\/wp-json\/wp\/v2\/pages"}],"about":[{"href":"https:\/\/wp.euroliaortho.com\/index.php\/wp-json\/wp\/v2\/types\/page"}],"author":[{"embeddable":true,"href":"https:\/\/wp.euroliaortho.com\/index.php\/wp-json\/wp\/v2\/users\/1"}],"replies":[{"embeddable":true,"href":"https:\/\/wp.euroliaortho.com\/index.php\/wp-json\/wp\/v2\/comments?post=160"}],"version-history":[{"count":4,"href":"https:\/\/wp.euroliaortho.com\/index.php\/wp-json\/wp\/v2\/pages\/160\/revisions"}],"predecessor-version":[{"id":509,"href":"https:\/\/wp.euroliaortho.com\/index.php\/wp-json\/wp\/v2\/pages\/160\/revisions\/509"}],"wp:attachment":[{"href":"https:\/\/wp.euroliaortho.com\/index.php\/wp-json\/wp\/v2\/media?parent=160"}],"curies":[{"name":"wp","href":"https:\/\/api.w.org\/{rel}","templated":true}]}}