{"id":158,"date":"2021-06-15T10:32:53","date_gmt":"2021-06-15T08:32:53","guid":{"rendered":"http:\/\/wp.euroliaortho.com\/?page_id=158"},"modified":"2021-08-05T16:29:57","modified_gmt":"2021-08-05T14:29:57","slug":"arcs-euroarch","status":"publish","type":"page","link":"https:\/\/wp.euroliaortho.com\/index.php\/arcs-euroarch\/","title":{"rendered":"Arcs Euroarch\u2122"},"content":{"rendered":"\n<div class=\"wp-block-image\"><figure class=\"alignleft size-large\"><img decoding=\"async\" src=\"http:\/\/wp.euroliaortho.com\/wp-content\/uploads\/2021\/08\/Visage_arcs.jpg\" alt=\"\" class=\"wp-image-467\"\/><\/figure><\/div>\n\n\n\n<p>La gamme d&rsquo;arcs Euroarch\u2122 vous permet d&rsquo;utiliser les derniers mat\u00e9riaux, issus de l&rsquo;\u00e9tat de l&rsquo;art, pour r\u00e9aliser vos traitements ligaturants ou auto-ligaturants.<\/p>\n\n\n\n<div class=\"wp-block-image\"><figure class=\"aligncenter size-large is-resized\"><img loading=\"lazy\" decoding=\"async\" src=\"http:\/\/wp.euroliaortho.com\/wp-content\/uploads\/2021\/08\/arc-metal_full_detoure_2-e1626787776492-edited-1.png\" alt=\"\" class=\"wp-image-472\" width=\"319\" height=\"243\"\/><\/figure><\/div>\n\n\n\n\n\n<p><\/p>\n","protected":false},"excerpt":{"rendered":"<p>La gamme d&rsquo;arcs Euroarch\u2122 vous permet d&rsquo;utiliser les derniers mat\u00e9riaux, issus de l&rsquo;\u00e9tat de l&rsquo;art, pour r\u00e9aliser vos traitements ligaturants ou auto-ligaturants.<\/p>\n","protected":false},"author":1,"featured_media":0,"parent":0,"menu_order":0,"comment_status":"closed","ping_status":"closed","template":"","meta":{"_uf_show_specific_survey":0,"_uf_disable_surveys":false,"footnotes":""},"class_list":["post-158","page","type-page","status-publish","hentry"],"aioseo_notices":[],"_links":{"self":[{"href":"https:\/\/wp.euroliaortho.com\/index.php\/wp-json\/wp\/v2\/pages\/158","targetHints":{"allow":["GET"]}}],"collection":[{"href":"https:\/\/wp.euroliaortho.com\/index.php\/wp-json\/wp\/v2\/pages"}],"about":[{"href":"https:\/\/wp.euroliaortho.com\/index.php\/wp-json\/wp\/v2\/types\/page"}],"author":[{"embeddable":true,"href":"https:\/\/wp.euroliaortho.com\/index.php\/wp-json\/wp\/v2\/users\/1"}],"replies":[{"embeddable":true,"href":"https:\/\/wp.euroliaortho.com\/index.php\/wp-json\/wp\/v2\/comments?post=158"}],"version-history":[{"count":14,"href":"https:\/\/wp.euroliaortho.com\/index.php\/wp-json\/wp\/v2\/pages\/158\/revisions"}],"predecessor-version":[{"id":485,"href":"https:\/\/wp.euroliaortho.com\/index.php\/wp-json\/wp\/v2\/pages\/158\/revisions\/485"}],"wp:attachment":[{"href":"https:\/\/wp.euroliaortho.com\/index.php\/wp-json\/wp\/v2\/media?parent=158"}],"curies":[{"name":"wp","href":"https:\/\/api.w.org\/{rel}","templated":true}]}}